s) = -s**2 - 1 + 5*s - 3*s**2 + 5*s**2. Let x be l(-7). What is the tens digit of n(x)?
3
Let x = -963 - -1865. What is the units digit of x?
2
Let h = 5724 - 3498. What is the thousands digit of h?
2
Let w(y) = -453*y + 307. What is the tens digit of w(-6)?
2
Let h be (-2)/8 + (-45)/(-4). Suppose 1 = 5*s + h. What is the tens digit of (s/6)/(11/(-495))?
1
Let c(d) = -928*d - 618. What is the tens digit of c(-5)?
2
What is the hundreds digit of 1/(-7) - (10 + (-18864)/42)?
4
Suppose w + 27 = -2*c, w - 2*c + 0*c = -39. Let v = 41 + w. What is the units digit of v?
8
Let j = 194 + -82. What is the units digit of (-1320)/(-14) - 32/j?
4
Let i be (1 - 3)/((-24)/(-36)). Let k = 38 - i. What is the units digit of k?
1
Let j(l) = -174*l + 3 + 4*l**2 + l**2 + 173*l. What is the tens digit of j(2)?
2
Let n(s) = s**3 - 13*s**2 - 35*s + 15. Let d be n(15). What is the tens digit of 12/(-20)*(d + 5)?
3
What is the hundreds digit of 2*310 - (-51 + 53)?
6
Let u be 1/(-4) - (-5295)/60. Suppose i - 128 = -5*j, -2*i = -3*j + 3*i + u. What is the units digit of j?
6
Let a be (12/27)/(8/36). Suppose 0 = -a*j + 530 + 106. What is the hundreds digit of j?
3
Let x be 132/8*(-4)/(-6). Let n(h) = -h**2 + 12*h - 11. Let b be n(x). Suppose b = r + 3, 4*p = r + r + 118. What is the units digit of p?
8
Suppose 4*q + 23*l - 22*l - 15121 = 0, -l - 7559 = -2*q. What is the hundreds digit of q?
7
Let l(x) = -10*x + 1. Let n be 1 + -4 + 11 + -3. Let g be ((-3)/2)/(n/10). What is the tens digit of l(g)?
3
Suppose v - m = -3*m + 70, 0 = -3*v + 3*m + 228. What is the tens digit of v?
7
Suppose 0 = -w + 4, -3*c + 0*c = -2*w - 88. Suppose -5*t - c = -447. Suppose 37 = 4*u - t. What is the tens digit of u?
3
Let n = 55 - 52. What is the units digit of n/(-12) - (-183)/12?
5
Let m = -35 + -10. Let k = 15 - m. Suppose 0 = s + c - 29, 30 = 3*s + 4*c - k. What is the tens digit of s?
2
Suppose 22*t + 4727 - 24307 = 0. What is the hundreds digit of t?
8
Let t(j) = j**2 + 8*j - 1. Let m be t(-5). Let x be ((-20)/m + -1)*12. Suppose -k - 133 = -x*w, 87 = 2*w + 2*k - k. What is the tens digit of w?
4
What is the tens digit of (1 - (-4 + 1)) + 330?
3
Let v = -12 + 254. What is the tens digit of v?
4
Let s = 439 - -186. What is the units digit of s?
5
Suppose -2850 = -0*a - 6*a. What is the units digit of a?
5
Let o be (-42)/(-12) + (-3)/(-6). Suppose o = q + 15. Let k = q + 22. What is the units digit of k?
1
What is the tens digit of (-18)/(-9)*(-11)/4*-98?
3
Let i(f) = 19*f**2 + 8*f + 2. What is the tens digit of i(-11)?
1
Let i(b) = -142*b - 318. What is the units digit of i(-13)?
8
Let g = 559 - 229. Suppose 2*n - 527 = -3*n - d, 3*n = 4*d + g. What is the units digit of n?
6
Let w = -1222 - -1816. What is the units digit of w?
4
Suppose 2*v + 4*b = -0*b + 248, -2*b + 612 = 5*v. What is the tens digit of v?
2
Let h = -10 - -18. Let p = 22 + -27. Let o = h + p. What is the units digit of o?
3
Suppose -3*w = w + 20. What is the tens digit of ((0 + 2)/(-2))/(w/1065)?
1
Let o = -631 + 968. What is the hundreds digit of o?
3
Let z be -1*(4 - 3 - 3). Suppose -5*q + 1 = u - 5, -2*u + z*q = -72. What is the tens digit of u?
3
Suppose -2*w - 6 = -3*u - w, 4*w - 15 = -u. Let o(m) be the first derivative of 4*m**3/3 + m**2 + 2*m + 32. What is the units digit of o(u)?
4
Let j be 8/16 - (-2 - 1/2). Suppose 211 = j*u + 16. What is the tens digit of u?
6
Let l(a) = 64*a**2 + 11*a + 69. What is the hundreds digit of l(6)?
4
Suppose -70*x - 952 = -78*x. What is the hundreds digit of x?
1
Let z(x) be the first derivative of x**2 + 5*x + 6. What is the units digit of z(3)?
1
Suppose 5*v - 2 = -12. Let o(y) = -4*y - 3. Let u be o(v). Suppose -3*l - 16 = -u*l. What is the units digit of l?
8
Suppose -4*z = 4*h + 8, -7*z + 2*z - 4 = 4*h. Let u(t) = t + 10. Let k be u(h). What is the units digit of (3/k)/((-1)/(-4))?
3
Suppose q = -4*z + 3497, -1415 - 2078 = -4*z + 3*q. What is the units digit of z?
4
Let r = -103 - -225. Suppose -m + 4*m - 4*p - r = 0, 0 = -4*p + 4. Suppose 0 = 2*z + 2*t - m, 2*z - 25 = z + 3*t. What is the units digit of z?
2
Let p(o) = o - 3. Let x be p(5). Suppose -28 = 2*m - 9*m. Suppose -m*r - 20 = 0, r + 0 = -x*j + 1. What is the units digit of j?
3
Suppose -3*k - 9 = -3*p, 5*p = -2*k + 5 - 4. Let w be 6 + (k - (1 + -3)). Suppose -4*v + 12 = -2*s, w*v - 2*v + 5*s = -2. What is the units digit of v?
2
Let n(s) = 2*s + 25. Let z be n(12). Suppose -5*o + z = -166. Suppose -11*v = -10*v - o. What is the tens digit of v?
4
What is the hundreds digit of -6 + (-7)/(21/(-2916))?
9
Suppose -l + 2*q - 16 = -6*l, -q - 2 = 0. Suppose -l*k + 3*k - 461 = -4*d, -k - 5 = 0. What is the hundreds digit of d?
1
Suppose -134*n + 118*n + 52128 = 0. What is the units digit of n?
8
Suppose 4*v + 5*i + 73 - 1004 = 0, -v + 226 = -i. What is the tens digit of v?
2
Suppose 126*y - 119*y = 10416. What is the thousands digit of y?
1
Let k(g) = g. Let l be k(7). Suppose 0 = c + l*p - 2*p + 32, -3*c + p = 16. Let u(x) = x**2 + 3*x - 15. What is the units digit of u(c)?
3
Suppose 0 = 8*p - 12*p. Suppose -a - 5*j = -3*a + 12, -4*a + 2*j + 8 = p. What is the units digit of -1 - (-9 + a - -2)?
5
Suppose r + 5*s - 2310 = -4*r, -945 = -2*r + 5*s. What is the hundreds digit of r?
4
Let w be 4 + 0 + -3 - -23. Let g(v) = -v**3 + 25*v**2 - 21*v - 56. What is the tens digit of g(w)?
1
Suppose -10*p = -12*p. Suppose 3*m - 56 - 229 = p. What is the tens digit of m?
9
Suppose -10*v + 14*v + 8 = 0. What is the units digit of ((-3)/v)/(8/(-5232)*-3)?
7
What is the units digit of 526 + (24/(-4))/(-3)?
8
Suppose -u + 6*u - 155 = -4*k, 5*k + 4*u - 205 = 0. Let q = -24 + k. What is the tens digit of q?
2
Let s = -801 - -1527. What is the tens digit of s?
2
Let h(w) = -6*w + 4. Let t be h(-3). Let r(b) = -b**3 - 5*b**2 - 5*b - 7. Let g be r(-5). Suppose -4*m + t + g = 0. What is the tens digit of m?
1
Let w = 1 - 1. Suppose -4*z = 3*z - 658. Suppose z = 4*m - 3*r + 4, w = -m + 2*r + 25. What is the units digit of m?
1
Let i(n) = 6*n**3 - 2*n**2 + 2*n - 1. Let f be i(1). Suppose 0*z - f*z = -20. Suppose -z*y - 48 = -8*y. What is the units digit of y?
2
Let h = 747 + 2321. What is the units digit of h?
8
Let i = -17 + 26. Let s = i - 7. Let g(w) = 16*w. What is the tens digit of g(s)?
3
Let y = 4683 - 1460. What is the tens digit of y?
2
Suppose 0 = -4*j + j - 3*d + 270, 0 = -3*j - 4*d + 274. Suppose 5*o - 641 + j = 0. Suppose 4*i - 5 = o. What is the units digit of i?
9
Let x = 115 - 59. What is the tens digit of x?
5
Let s be (-2 - 48/(-20))*10. Suppose -s*g - 116 + 12 = 0. Let r = g - -46. What is the units digit of r?
0
Let q(m) = m**2 + 6*m. Let s be q(-5). Let i(k) = k**2 - 5*k**2 - k**3 + k - 3 + 4 - 2. What is the tens digit of i(s)?
1
Let m = -38 + 48. Suppose 54 + 1036 = m*i. What is the tens digit of i?
0
Let p = -26 - -31. Suppose 0 = -6*z + 2*z - 4*q + 88, 0 = -p*z - q + 94. What is the units digit of z?
8
Let v(g) = 333*g + 368. What is the units digit of v(9)?
5
Suppose 0 = -5*i - 0*i + 2*c + 2808, -2*c = -2*i + 1128. What is the units digit of i?
0
Let r(p) = -51*p - 297. What is the units digit of r(-15)?
8
Suppose -2*s - 2*x = 19 - 113, 0 = -5*x + 10. Suppose -6*l + s + 99 = 0. What is the units digit of l?
4
Suppose 7*w - 9*w + 1934 = 0. What is the hundreds digit of w?
9
What is the units digit of (-4)/((56/14917)/(-2))?
1
What is the units digit of 198264/33*((-7)/(-2))/7?
4
Let t(n) = -n**3 - 4*n**2 - 2*n - 3. Let w be t(-3). Let c be w/(-6) - 3/(-1). Suppose s + 221 = c*v, -v - 5*s = 4*v - 245. What is the units digit of v?
4
Suppose -760*u + 751*u = -45. What is the units digit of u?
5
Suppose 0 = -5*i - i + 12. Suppose 5*f + 2*o = 3*o + 794, 5*o + 336 = i*f. What is the tens digit of f?
5
Let x be -89 - ((-1)/(-1) + -2). Suppose 0 = -5*w + w - 3*l - 120, 0 = 3*w - 2*l + 90. Let r = w - x. What is the tens digit of r?
5
Let z(u) = 29*u - 23. Let g be z(5). Suppose 4*j + v + 10 = 252, -v = 2*j - g. What is the units digit of j?
0
Suppose n + 36 - 2494 = 0. What is the thousands digit of n?
2
Suppose -32 = t - 5*t. Let u(b) = -8 - t + 4*b + 0*b + 1. What is the tens digit of u(10)?
2
Let t(x) be the first derivative of 12*x**3 + 2*x**2 - 3*x - 16. What is the tens digit of t(2)?
4
Let x(m) = -9*m**3 - 4*m**2 + 1